
11
Let c = 39 + -37. Suppose 6*k = -3*t + c*k + 14, 5*t - 34 = -4*k. What is the highest common factor of t and 70?
10
Let o(k) = 6*k**3 + 3*k**2 - 5*k + 9. Let i be o(2). Let b = i - 35. What is the highest common divisor of b and 60?
12
Suppose 576 = -40*q + 44*q. Let n be 24/(-5)*(-30)/9. Calculate the highest common factor of q and n.
16
Let j(c) = c**3 - 65*c**2 - 122*c - 159. Let v be j(67). What is the greatest common factor of v and 172?
43
Suppose -1574 - 1126 = -3*h. What is the highest common divisor of h and 36?
36
Let y be (30/10)/((-3)/(-4)). Suppose y*i = -i + 15. Suppose q = 2*q + 5*d - 35, 6 = i*d. What is the highest common factor of q and 175?
25
Let t = -24 - -25. Calculate the greatest common divisor of 19 and t.
1
Let x be 9 - 20/(0 + 5). Suppose 5*w = x*z - 445, 0*z - 441 = -5*z + 4*w. Calculate the greatest common divisor of 10 and z.
5
Suppose 5*d = -0*o - 3*o + 10, 0 = 5*o + 3*d - 38. Let g = 4 + o. What is the greatest common divisor of g and 14?
14
Suppose 0 = 5*n - 10, 3*t - 2*t + 3*n = 8. Suppose -5*s = 5, 4*s + 21 = t*z - s. What is the greatest common factor of 24 and z?
8
Let n = 105 - 94. Calculate the greatest common factor of 407 and n.
11
Let p = 35 + -25. Suppose -s + l + 27 = 0, 0*s = -s - l + 33. Suppose -2*v + 0*v + s = 0. What is the highest common factor of v and p?
5
Suppose 2*f - 36*q - 34 = -37*q, 2*q + 22 = 2*f. Calculate the greatest common divisor of f and 210.
15
Let g = 44 - 36. Let v(b) = b**3 - 7*b**2 - 4*b - 8. Let y be v(g). Let n = 244 + 20. What is the highest common factor of n and y?
24
Let v be -2*(-3 + 2 - 0). Suppose 6*p - v*p = 36. What is the highest common divisor of p and 45?
9
Let v be (-72)/32*(-8)/2. Let q(x) = 29*x + 3. Let c be q(v). Calculate the highest common divisor of c and 24.
24
Let k(n) = -3*n + 19. Let s be k(6). Let z be 2*86/2*s/2. Calculate the greatest common divisor of 387 and z.
43
Suppose 539 = 27*p - 217. What is the greatest common factor of 70 and p?
14
Let s be 5 + 268/(-52) + (-394)/(-26). What is the highest common factor of 135 and s?
15
Let k(w) be the third derivative of -49*w**6/120 + w**5/60 - w**4/8 - w**3/2 - 14*w**2. Let b be k(-1). What is the highest common divisor of b and 75?
25
Suppose -81 = -p - 64. Let k(u) = -3*u - 4. Let c be k(-7). Calculate the highest common divisor of c and p.
17
Let b(n) = 23*n + 617. Let z be b(-24). Suppose 2*s = -0*s + 52. Calculate the highest common factor of z and s.
13
Let m = 299 + -287. What is the highest common factor of 444 and m?
12
Let f(t) = -2238*t**2 - 4 + t + 2241*t**2 + t. Let c be f(-13). Calculate the greatest common divisor of c and 53.
53
Let r = -131 - -226. Let n = r + -68. Let p be (12/16)/((-2)/(-48)). What is the greatest common factor of n and p?
9
Suppose -y + 394 = s, 6*s + 0*s - 4*y = 2414. What is the highest common factor of 63 and s?
21
Let t be (-4)/6 - 274/(-6). Let o be (-3)/2*(13 - 19). What is the highest common factor of t and o?
9
Let i = -13 - -17. Suppose i*w - l = -25, 0 = -2*w - 3*l - 0*l - 9. Let b be (-7)/14 + w/(-4). What is the highest common divisor of b and 9?
1
Suppose -8*w = -115 - 37. Let r = 16 - -3. What is the highest common factor of w and r?
19
Let g be 0 - 2 - -1 - -22. Let k = 23 - g. What is the highest common factor of 2 and k?
2
Suppose -3*q + 3*t + 8 = 2, 3*q - 6 = 5*t. Suppose q*a = 6*a - 72. What is the greatest common factor of a and 12?
6
Suppose 0 = 4*f + 1 - 41. What is the highest common factor of 8 and f?
2
Suppose 0 = 3*i + 3, -3*s + 3*i - 11 = 8*i. Let y be s*(-1)/((-6)/(-273)). What is the greatest common divisor of 13 and y?
13
Let j be ((-1)/1)/(3/(-186)). Calculate the highest common divisor of 2 and j.
2
Suppose 0 = -4*p + 650 - 14. Suppose 6*z - p = 3*z. Suppose 0 = -4*n + 19 + z. Calculate the highest common factor of n and 2.
2
Suppose 15 = -3*m, 15*m + 410 = 5*i + 12*m. What is the highest common factor of 395 and i?
79
Let x = -3 - -5. Suppose 0 = -5*n + 5*q + 15, q - 3 = n - x*n. Suppose v - 4 = 3*t, n*v = -2*t - 0*t + 34. What is the greatest common divisor of 70 and v?
10
Let x(n) = -24*n - 67. Let b be x(-18). What is the highest common factor of 73 and b?
73
Suppose -63*m = -56*m - 168. Calculate the highest common factor of m and 96.
24
Suppose 4*h + 3 = 3. Suppose h = 5*c + 5*i - 15, 2*c + 2*c - 17 = -3*i. What is the greatest common factor of c and 16?
8
Suppose -51 = 2*z - 5*z. Suppose -3*j - z = -2*j. Let l = j + 25. What is the greatest common factor of 72 and l?
8
Suppose 4*g = -0*g + 32. Suppose -4*z - 68 = -420. Calculate the greatest common divisor of g and z.
8
Suppose -4*k = -2*k. Suppose k*i = -5*i + 15. Suppose -2*w - 100 = -i*w. What is the highest common factor of w and 20?
20
Suppose 25 = -z - 3*p, -4*z + 5*z + 5*p + 31 = 0. Let m = z - -18. Suppose -52 = -m*c - 0*c. Calculate the greatest common factor of c and 39.
13
Let k(r) = 134*r - 123*r - 19 - 2*r**2 + r**2. Let g be k(7). What is the highest common factor of g and 9?
9
Let q = 1064 + -1060. What is the highest common divisor of 202 and q?
2
Let y = -27 + 7. Let o = 28 + y. What is the greatest common divisor of o and 12?
4
Suppose -12471 + 723 = -6*r. What is the highest common factor of 44 and r?
22
Let v = -3 + 3. Suppose 12*f - 11*f - 2 = v. Suppose 35 - 1 = f*u. What is the greatest common factor of 17 and u?
17
Let g = -163 + 222. What is the greatest common factor of g and 1?
1
Let k be 1 - 0 - (1 - 54). Suppose 105*x - 72 = 93*x. Calculate the greatest common factor of k and x.
6
Suppose 0 = 2*q - 10, 4*y - q - 489 - 1810 = 0. Suppose y = 6*u + 96. Calculate the highest common factor of 32 and u.
16
Suppose -98 = 4*n - 138. Suppose 13 = -2*w + 5*s, -20 = -4*w - 5*s - 1. Let x be 26 + -1 + 1 - w. What is the greatest common divisor of x and n?
5
Suppose -318 = -2*z + 4*l, 5*l = -2*z + 77 + 250. Let a = 182 - z. Calculate the highest common divisor of 252 and a.
21
Suppose -95 + 515 = 6*k. Let f = -26 - -54. What is the greatest common divisor of k and f?
14
Suppose -5*r - 1 = -21. Suppose -r*t - 10 = t. Let p be ((-22)/(-6))/(t/(-36)). Calculate the highest common factor of 6 and p.
6
Let w be (-3)/((9/(-30))/(218/4)). What is the highest common factor of 5 and w?
5
Let h(o) = o**3 + 19*o**2 + 6*o - 69. Let m be h(-18). Calculate the highest common divisor of 21 and m.
21
Suppose -58*o + 14334 = -23250. Calculate the highest common divisor of 60 and o.
12
Let d = 44 - 41. Suppose x - 3 = -d*w, 4*x - x = -5*w + 25. Let o(k) = 22*k**3 - 2*k**2 - 2*k + 1. Let y be o(2). What is the highest common divisor of x and y?
15
Suppose 2*n + 3 = 5*n. Suppose -19 = -x + n. Suppose -5*b - 15 + x = 0. What is the highest common divisor of 2 and b?
1
Let y be (-20)/50 - 227/(-5). Calculate the highest common factor of 27 and y.
9
Let c be 244/6 + (-4)/6. Let p = 669 + -653. Calculate the greatest common divisor of p and c.
8
Suppose 40*r = 2*y + 41*r - 71, 0 = 3*y + 5*r - 117. Suppose 491 - 66 = 5*l. What is the greatest common divisor of y and l?
17
Suppose 0 = 2*z - 4*f - 90, -4*z + 101 + 34 = f. What is the greatest common factor of 280 and z?
35
Let f(m) = -8*m - 79. Let a be f(-14). Suppose -a = -12*r + 207. What is the greatest common factor of r and 70?
10
Suppose 37*h + 971 = 11146. Calculate the greatest common divisor of h and 225.
25
Let s = -7 + 7. Suppose s = -4*r + 56 - 20. What is the highest common factor of r and 63?
9
Let k(i) be the third derivative of i**6/120 - i**5/12 - i**4/24 + 7*i**3/2 - 46*i**2. Let s be k(5). Calculate the highest common divisor of s and 112.
16
Suppose 5*d = -2*m + 4*m + 85, -d - m = -24. Let c be ((-9)/(-4))/(2/32). Let w = 207 - c. What is the greatest common divisor of w and d?
19
Let b = 15 - 10. Let f(y) = 86*y - 3 - 2 + b + 2. Let r be f(1). Calculate the highest common factor of 22 and r.
22
Let k = -80 - -85. Suppose -k*r - 77 = -3*l, -3*r = 2*l + l - 69. Calculate the highest common divisor of 32 and l.
8
Let y(x) = 19*x. Let r(w) = 2*w**2 + 4*w + 3. Let a be r(-2). Suppose -5*g + 2*g = -a. Let q be y(g). What is the highest common factor of q and 19?
19
Suppose 82 = 3*y - 38. Calculate the greatest common divisor of 440 and y.
40
Let h = 648 - 643. Calculate the highest common divisor of h and 25.
5
